pose 0 = 3*m + 2*m + c*d - 73, -5*d + 19 = 2*m. List the prime factors of m.
17
Let m be (3 + (-4 - -1))/1. Suppose -l + 5*q + 15 = 4, -4*q - 4 = m. List the prime factors of 12/(-18)*(-261)/l.
29
Let j(p) = -p**3 + 3*p**2 + 4*p + 3. Let l be j(4). Suppose -w - 20 = -l*w. List the prime factors of -2 + (w + 3)*3.
37
Suppose 2*h + 3*h = 0. Suppose 4*a - 69 - 363 = h. List the prime factors of a.
2, 3
Let w(r) = r**3 + 11*r**2 + 11*r - 13. Let c be w(-9). Suppose -l + 5*h - h = -c, 0 = 5*l + h - 208. What are the prime factors of l?
2, 3, 7
Suppose 7 + 271 = 2*t. Let a = t - 59. List the prime factors of a.
2, 5
Suppose 153*m = 152*m + 120. List the prime factors of m.
2, 3, 5
Suppose 4*d + 2*y = 818, -3*d = -d - 5*y - 391. Suppose -5*r + d = 2*k, 0 = -3*k + 3*r - 0*r + 336. What are the prime factors of k?
109
Let u(p) = -3*p**3 - 13*p**2 + 9*p + 76. What are the prime factors of u(-11)?
3, 17, 47
Suppose l + 82 = 2*r - 3*l, 3*l = 3*r - 129. Let v = r + -39. List the prime factors of v.
2, 3
Let t(a) = 8*a + 31. Let j(m) = 4*m + 15. Let g(i) = -13*j(i) + 6*t(i). Let z be (-6 - (3 - (3 - -2)))*1. What are the prime factors of g(z)?
7
List the prime factors of -206*(-12)/5 + 6/(-15).
2, 13, 19
What are the prime factors of (2/4)/((-18)/(-3456))?
2, 3
Suppose 49558 - 9721 = 49*q. List the prime factors of q.
3, 271
Let d(g) be the third derivative of -5*g**4/24 - 17*g**3/6 - 5*g**2. List the prime factors of d(-14).
53
Suppose 5 = 5*t, 0*b = -2*b + 4*t - 4. Suppose -64 = -d - b*d. What are the prime factors of d?
2
Let w be (-1)/4 - 34/(-8). Let c be 5 - 0 - -4 - w. Suppose c*g - 41 = -6. What are the prime factors of g?
7
Suppose -3*s + 18*s - 135 = 0. What are the prime factors of ((-12)/s)/((-14)/1113)?
2, 53
Suppose 0 = 3*v + 36 + 6. Let b = v + 25. List the prime factors of (-3 + b + 1)*3.
3
Let j(t) = -t**3 + 11*t**2 + 11*t - 17. Let k be j(7). Suppose -4*z + 16 = -k. What are the prime factors of z?
2, 17
Let i be 16/(-20) + (-48)/(-10). Suppose -4*x + x = -576. Suppose -i*t = 3*q - x + 36, -39 = -t - 3*q. What are the prime factors of t?
3, 13
Let u be (-2)/(-12) - (-350)/(-84). Let f be 0 + u*(-15)/12. What are the prime factors of 280/12*12/f?
2, 7
Let d be (-2)/(-8) - 35/(-20). Suppose -3*h + 216 = d*o, 4*o - 312 = h + 106. What are the prime factors of o?
3, 5, 7
Let i = 27 - 29. What are the prime factors of 103 + i + 3/((-12)/(-8))?
103
Let a(l) = -3*l + 70. Let x(u) = -2*u + 35. Let s(f) = 3*a(f) - 5*x(f). Let o be (-1 + 1)/(2 - 0). What are the prime factors of s(o)?
5, 7
Let p(i) = -1 - 2*i**3 - 5 - 5*i**2 - 2*i**3 + 6*i**3. List the prime factors of p(4).
2, 3, 7
Suppose -179 = 137*d - 138*d. Let y = 446 - d. List the prime factors of y.
3, 89
Let p be 10/(-6) + 2 + (-1611)/(-27). Suppose 76 = h - p. List the prime factors of h.
2, 17
Let m = 21 - 19. Suppose m*y = 4*s - 196, 2*s = -0*y - 5*y + 86. What are the prime factors of s?
2, 3
List the prime factors of 1895 - (-27)/45*5.
2, 13, 73
Let n(d) = -7*d**2 + 5*d - 3. Let w(t) = 6*t**2 - 5*t + 2. Let m(q) = 5*n(q) + 6*w(q). Let x = -2011 + 2022. List the prime factors of m(x).
3, 7
Let w(n) = 3*n - 18. Let u be w(-8). Let s be u/(-9)*(-1 + 7). Suppose 0 = -5*j - 2*j + s. What are the prime factors of j?
2
Let y be (3/(-6)*-18)/(-4 - -5). Suppose -780 - 129 = -y*q. List the prime factors of q.
101
Let h be (114/(-10))/(3/(-15)). Let i = h - 34. Let s = 48 - i. What are the prime factors of s?
5
List the prime factors of 20/25 - 16324/(-20).
19, 43
What are the prime factors of (-46052)/(-377) + (-2)/13?
2, 61
Let o be 1*1*(-2)/(-2). Let b = 110 - 117. Let c = o - b. What are the prime factors of c?
2
Let b be (-1 - -6) + (-3)/3. Let f be 13 - 8/24*24. Suppose -186 + 59 = -2*z + f*o, -b*o = -z + 71. What are the prime factors of z?
3, 17
Let s(y) = 14*y - 58. Suppose 2*w = 2, 4*m - 57 = -3*w + 6*w. List the prime factors of s(m).
2, 19
Suppose -3*l + 9 = 6. Let b be (l + (-14)/6)*-15. What are the prime factors of 195/b - (-1)/4?
2, 5
Let d(f) = -2*f + 5 + 2 + 2 + 0*f. Let l be d(-9). Suppose -4*z + a + 129 = 0, 5*z - 5*a - 153 = l. What are the prime factors of z?
31
Let t(n) = -3*n**3 - 3*n + 28. Let w(q) = 4*q**3 + 4*q - 28. Suppose 7*v - 12*v = -10. Let d(c) = v*w(c) + 3*t(c). What are the prime factors of d(0)?
2, 7
Let j = -13 + 27. Suppose -2*q + 1 = -u - 0, 2*q + j = -4*u. List the prime factors of 0 + u + 4 - -21.
2, 11
Let j(r) be the second derivative of 13*r**4/3 - r**3/3 - r**2/2 - r. Let a be j(-1). What are the prime factors of a/3 + 6/18?
2, 3
Suppose -2 = l + m, m + 14 = 4*l + l. Suppose -4*a + 66 = l*z - 48, 3*z = -2*a + 171. List the prime factors of z.
3, 19
Suppose -4*s + 662 = 5*q, 4*s - 7 = -15. List the prime factors of q.
2, 67
Suppose -5*g + 4*i - 5 = 0, 3*g + 3*i = -g - 4. Let t(u) = 110*u**2 + 3*u + 3. List the prime factors of t(g).
2, 5, 11
Let u be (-620)/14 - (-20)/70. Let z = u + 156. List the prime factors of z.
2, 7
Let u be (0 + -3)/(-3)*79. What are the prime factors of u + -4 + 2*-1 + 1?
2, 37
Suppose 4*m - 4*s - 4 = 32, -2*s = m - 9. Suppose m*o - 813 = 843. What are the prime factors of o?
2, 23
Suppose 3*w - 4*w = -10. Suppose -w - 30 = 5*m + 2*i, -m - 21 = 3*i. Let k = 21 - m. What are the prime factors of k?
3
Suppose -9*n + 10*n - 357 = 0. List the prime factors of n.
3, 7, 17
Let s(m) = -m**2 - 23*m - 40. Let i be s(-17). Let k = i + 5. What are the prime factors of k?
67
Suppose -2*p = 0, -32*v + 27*v + p = -24855. What are the prime factors of v?
3, 1657
Suppose -78 = 3*b + 5*r, 10 = 2*b + 2*r + 62. Let d be ((-65)/26)/((-1)/b). Let h = -31 - d. List the prime factors of h.
2, 17
Let t = 2 - 13. Let y = -7 - t. What are the prime factors of ((-20)/2)/(y/(-10))?
5
Suppose 0 = 2*n - 5*p - 774, -2*p + 5*p = -6. Suppose 5*d - 3*w = -135 + n, 2*w = 4*d - 198. List the prime factors of d.
2, 5
Let r = -26 - -29. Suppose -6 = -2*m, -5*z + 19 = -r*z + 3*m. What are the prime factors of 15/(-2)*(z + -7)?
3, 5
Let t = 15 + -13. Suppose c = 3*u + 19, 3*c + 2*u - 4 = -t. Suppose 192 = 2*n + c*n. What are the prime factors of n?
2
Suppose -5*p + 7735 = -285. What are the prime factors of p?
2, 401
Suppose s + 4*u = 2*u + 1588, -u - 6370 = -4*s. Suppose 1249 = 4*z + 5*r, -2*z + s = 3*z - 4*r. List the prime factors of z.
2, 79
Suppose -2*z = 2*z - 20. Let f(c) = 5 - c + 0 + 11 - 5. What are the prime factors of f(z)?
2, 3
Let y be (-342)/8 + 2/(-8). Let p = 60 + y. Let d = p + -5. List the prime factors of d.
2, 3
Let b be (2/(-4))/(1/(-222)). Suppose -2*w + 135 = 3*t - b, 5*t + 448 = 4*w. What are the prime factors of w?
3, 13
Suppose -5*i - 25 = 0, -31*i + 10424 = 2*n - 29*i. What are the prime factors of n?
3, 37, 47
Suppose 0 = 55*a - 58*a + 291. Let n = a - 46. What are the prime factors of n?
3, 17
Let t = -1053 + 1534. List the prime factors of t.
13, 37
Let u be 2/6 - (-69)/9. Let g be 1/(-5) + u/(-10). What are the prime factors of (-40)/(-6) + g/(-3)?
7
Let p be (-4)/12 - 40/(-3). Suppose 0*m = -2*x - m + p, 3*m + 11 = 4*x. List the prime factors of x.
5
Let l be 292/7 - 6/(-21). Suppose -x + r = -2, 29 = -4*x - 3*r + 2. What are the prime factors of l + x + -2 - 2?
5, 7
Let w(r) = -61*r - 114. What are the prime factors of w(-15)?
3, 89
Let g(d) = -3*d**3 - d - 1. Let i be g(-1). Suppose -r + 0*f = -f - i, 5*r - 3*f - 19 = 0. Suppose -2*k - 1 = -r. List the prime factors of k.
2
List the prime factors of 0 - -1311 - (-1 + -1 + -1).
2, 3, 73
Let x = -30 + 32. Suppose 4*j - 78 = -3*g + 23, 3*j + x*g - 75 = 0. Let d = 61 - j. List the prime factors of d.
2, 19
Suppose -12*v + 2*x = -11*v - 213, 0 = 5*v - x - 1029. List the prime factors of v.
5, 41
Let z be 2 - (-28)/(-13) - 3070/(-13). Let u = z + -123. List the prime factors of u.
113
Let n(l) be the second derivative of l**4/4 - 7*l**3/6 + 15*l**2/2 - 26*l - 1. Suppose 0 = 3*o + 15, -2*q = 3*q + 4*o - 10. List the prime factors of n(q).
3
Suppose -5*u + n = -n + 138, 3*n - 53 = 2*u. Let h be (-8)/u - 4/14. Suppose h*a - 3*y = 2*a - 7, 0 = a + y - 6. List the prime factors of a.
11
Let m be (66/(-24))/(1/(-16)). Suppose -3*j + m = -328. What are the prime factors of j?
2, 31
Let d = -4 + 15. Let q = 122 + -118. Suppose q*j - 5 = d. List the prime factors of j.
2
Let m(r) = r**2 + 5*r